the tens digit of 1965?
6
What is the tens digit of 5074?
7
What is the thousands digit of 2729?
2
What is the units digit of 5803?
3
What is the units digit of 190?
0
What is the thousands digit of 1572?
1
What is the thousands digit of 1339?
1
What is the ten thousands digit of 46503?
4
What is the hundreds digit of 40771?
7
What is the tens digit of 3874?
7
What is the thousands digit of 20430?
0
What is the thousands digit of 37071?
7
What is the units digit of 3600?
0
What is the thousands digit of 8973?
8
What is the thousands digit of 39195?
9
What is the ten thousands digit of 28905?
2
What is the tens digit of 5047?
4
What is the thousands digit of 27459?
7
What is the units digit of 3123?
3
What is the hundreds digit of 16505?
5
What is the ten thousands digit of 37991?
3
What is the thousands digit of 5292?
5
What is the tens digit of 2598?
9
What is the hundreds digit of 21017?
0
What is the hundreds digit of 14798?
7
What is the tens digit of 450?
5
What is the units digit of 1252?
2
What is the tens digit of 814?
1
What is the ten thousands digit of 120666?
2
What is the hundreds digit of 5465?
4
What is the thousands digit of 1465?
1
What is the units digit of 40942?
2
What is the tens digit of 17228?
2
What is the units digit of 1322?
2
What is the hundreds digit of 9272?
2
What is the ten thousands digit of 14296?
1
What is the units digit of 1812?
2
What is the hundreds digit of 1022?
0
What is the hundreds digit of 5342?
3
What is the hundreds digit of 969?
9
What is the tens digit of 253?
5
What is the units digit of 35?
5
What is the tens digit of 47?
4
What is the thousands digit of 8406?
8
What is the thousands digit of 52581?
2
What is the units digit of 1955?
5
What is the units digit of 1626?
6
What is the thousands digit of 27939?
7
What is the tens digit of 8446?
4
What is the hundreds digit of 137278?
2
What is the hundreds digit of 82862?
8
What is the hundreds digit of 787?
7
What is the tens digit of 1760?
6
What is the thousands digit of 4964?
4
What is the ten thousands digit of 27262?
2
What is the thousands digit of 31102?
1
What is the units digit of 525?
5
What is the hundreds digit of 3862?
8
What is the thousands digit of 9974?
9
What is the units digit of 41920?
0
What is the tens digit of 77481?
8
What is the units digit of 887?
7
What is the hundreds digit of 9173?
1
What is the thousands digit of 4956?
4
What is the units digit of 8026?
6
What is the thousands digit of 6227?
6
What is the hundreds digit of 391?
3
What is the units digit of 857?
7
What is the tens digit of 570?
7
What is the thousands digit of 34666?
4
What is the thousands digit of 4225?
4
What is the tens digit of 1150?
5
What is the ten thousands digit of 32163?
3
What is the tens digit of 2320?
2
What is the thousands digit of 5398?
5
What is the hundreds digit of 9401?
4
What is the tens digit of 1190?
9
What is the units digit of 49487?
7
What is the thousands digit of 9140?
9
What is the units digit of 3868?
8
What is the tens digit of 168?
6
What is the units digit of 105?
5
What is the thousands digit of 44358?
4
What is the hundreds digit of 24235?
2
What is the tens digit of 1601?
0
What is the ten thousands digit of 17006?
1
What is the hundreds digit of 55266?
2
What is the tens digit of 12595?
9
What is the thousands digit of 81410?
1
What is the hundreds digit of 870?
8
What is the ten thousands digit of 29326?
2
What is the units digit of 4345?
5
What is the units digit of 150?
0
What is the units digit of 2298?
8
What is the hundreds digit of 6245?
2
What is the ten thousands digit of 31061?
3
What is the ten thousands digit of 15045?
1
What is the units digit of 7722?
2
What is the hundreds digit of 2370?
3
What is the tens digit of 10291?
9
What is the tens digit of 1343?
4
What is the units digit of 2390?
0
What is the units digit of 15760?
0
What is the thousands digit of 13058?
3
What is the units digit of 236?
6
What is the thousands digit of 5024?
5
What is the hundreds digit of 1324?
3
What is the tens digit of 2613?
1
What is the units digit of 1711?
1
What is the tens digit of 11675?
7
What is the thousands digit of 2139?
2
What is the hundreds digit of 32715?
7
What is the hundreds digit of 543?
5
What is the thousands digit of 3378?
3
What is the tens digit of 10558?
5
What is the tens digit of 2707?
0
What is the tens digit of 439?
3
What is the tens digit of 344?
4
What is the tens digit of 73303?
0
What is the tens digit of 173?
7
What is the ten thousands digit of 31857?
3
What is the tens digit of 95?
9
What is the ten thousands digit of 29903?
2
What is the units digit of 47?
7
What is the thousands digit of 2366?
2
What is the units digit of 2170?
0
What is the thousands digit of 19349?
9
What is the units digit of 1076?
6
What is the hundreds digit of 1556?
5
What is the hundreds digit of 2024?
0
What is the units digit of 1518?
8
What is the thousands digit of 3842?
3
What is the thousands digit of 58615?
8
What is the hundreds digit of 579?
5
What is the tens digit of 2892?
9
What is the units digit of 940?
0
What is the hundreds digit of 39179?
1
What is the thousands digit of 9925?
9
What is the ten thousands digit of 14402?
1
What is the tens digit of 668?
6
What is the units digit of 43?
3
What is the thousands digit of 49027?
9
What is the hundreds digit of 721?
7
What is the tens digit of 72060?
6
What is the hundreds digit of 2034?
0
What is the thousands digit of 3312?
3
What is the thousands digit of 4727?
4
What is the thousands digit of 2619?
2
What is the thousands digit of 5588?
5
What is the units digit of 3248?
8
What is the thousands digit of 1384?
1
What is the thousands digit of 2459?
2
What is the units digit of 62846?
6
What is the units digit of 39828?
8
What is the tens digit of 69470?
7
What is the units digit of 9513?
3
What is the units digit of 32112?
2
What is the tens digit of 792?
9
What is the units digit of 9223?
3
What is the thousands digit of 91414?
1
What is the units digit of 540?
0
What is the hundreds digit of 5968?
9
What is the tens digit of 57302?
0
What is the units digit of 7623?
3
What is the ten thousands digit of 12120?
1
What is the units digit of 1333?
3
What is the units digit of 53381?
1
What is the thousands digit of 1433?
1
What is the tens digit of 6417?
1
What is the hundreds digit of 16956?
9
What is the hundreds digit of 1539?
5
What is the units digit of 6087?
7
What is the thousands digit of 8056?
8
What is the units digit of 2743?
3
What is the units digit of 279?
9
What is the hundreds digit of 65381?
3
What is the tens digit of 65511?
1
What is the tens digit of 13385?
8
What is the hundreds digit of 50674?
6
What is the tens digit of 491?
9
What is the hundreds digit of 63860?
8
What is the tens digit of 16889?
8
What is the tens digit of 128?
2
What is the units digit of 3052?
2
What is the thousands digit of 27982?
7
What is the units digit of 3000?
0
What is the ten thousands digit of 67642?
6
What is the hundreds digit of 75287?
2
What is the hundreds digit of 859?
8
What is the thousands digit of 1151?
1
What is the tens digit of 49878?
7
What is the tens digit of 2539?
3
What is the units digit of 1017?
7
What is the units digit of 988?
8
What is the tens digit of 962?
6
What is the thousands digit of 4059?
4
What is the hundreds digit of 28996?
9
What is the tens digit of 517?
1
What is the hundreds digit of 1209?
2
What is the units digit of 2082?
2
What is the tens digit of 1360?
6
What is the ten thousands digit of 50311?
5
What is the units digit of 1061?
1
What is the tens digit of 112166?
6
What is the units digit of 43669?
9
What is the units digit of 1855?
5
What is the units digit of 862?
2
What is the hundreds digit of 12939?
9
What is the tens digit of 4838?
3
What is the hundreds digit of 7773?
7
What is the hundreds digit of 4695?
6
What is the tens digit of 89513?
1
What is the tens digit of 32981?
8
What is the units digit of 35825?
5
What is the hundreds digit of 40986?
9
What is the units digit of 139517?
7
What is the ten thousands digit of 139533?
3
What is the tens digit of 59606?
0
What is the thousands digit of 58742?
8
What is the tens digit of 742?
4
What is the thousands digit of 31164?
1
What is th